n factor of l and b.
14
Let y be 1/(-6)*-148*27. What is the highest common factor of y and 74?
74
Let g(n) = n**3 - 3*n**2 - 6*n - 30. Let f be g(6). Calculate the highest common divisor of f and 39.
3
Suppose 4*k - 3*j - 45 = 0, 0*k + j - 13 = -k. Let x be 13 - 42/(5 + 2). Let v be x/21 + 44/12. What is the greatest common divisor of v and k?
4
Let y be (-304)/(-6) - 1/(-3). Let c(x) = 11*x - 20*x**2 + 27*x**2 - 8*x. Let o be c(2). Calculate the greatest common factor of o and y.
17
Let i(o) = -2*o**3 - 4*o**2 + 3*o - 3. Let k be i(-5). Calculate the highest common divisor of k and 198.
66
Let s be -5 - ((-8)/((-40)/15) - 267). What is the greatest common divisor of 14 and s?
7
Let d = -11 + 13. Let p be 42 - (-3 + 4 + d). Let m = p + -4. What is the greatest common factor of m and 14?
7
Let a be 6*45*(-2)/(-12). What is the highest common divisor of 135 and a?
45
Suppose 0 = 3*g + 2*f - 34, f + 5 = 4. Let c be (75/(-10))/((-2)/g). Calculate the highest common factor of 9 and c.
9
Let k(r) = -9*r + 14. Let b be k(-7). Suppose 4*s + 2*g - 319 - 3 = 0, 0 = -s + 3*g + b. What is the greatest common divisor of s and 32?
16
Let i = 729 - 705. Calculate the highest common divisor of 184 and i.
8
Let j(t) = -t + 143. Let b be j(-27). What is the highest common divisor of 221 and b?
17
Suppose 2*f = -4*f + 90. Let q(h) = 6*h**2 - 7*h + 5. Let i = -5 - -10. Let s be q(i). Calculate the highest common factor of f and s.
15
Suppose -u + 2*j - 7*j = 12, 2*j + 16 = u. Suppose u*s + 118 = 478. Calculate the greatest common divisor of 15 and s.
15
Suppose 0 = z + 2*k - 487, 2*z + 4*k = 3*z - 469. Suppose -415 = -4*i + z. Calculate the highest common divisor of 28 and i.
28
Suppose d + 1 = 5. Suppose -d*j + 380 = 28. What is the highest common factor of 8 and j?
8
Let d(g) = -2*g**2 + 20*g + 4. Let h be d(9). What is the greatest common factor of h and 242?
22
Let d(l) = 1415*l**2 - 1422*l**2 - 3*l**3 - 2*l + l - 7. Let x be d(-3). Let z = -12 - -19. Calculate the highest common factor of z and x.
7
Suppose 7*k = 2*k + 20. Suppose -140 = -w - k*w. Let y = 64 - w. Calculate the highest common factor of y and 4.
4
Let w be 4/14 + 0 - (-22896)/126. Suppose 1 = -l + 3, 4*x - 110 = -3*l. What is the highest common divisor of x and w?
26
Suppose 5*s = r + 160, -5*r - 21 - 20 = -2*s. Calculate the greatest common factor of s and 22.
11
Let n be 45225/54 + (-6)/4. Calculate the highest common divisor of 304 and n.
76
Suppose 3*d = -u + 6, 0 = -u + 2*d - 0*d + 1. Let s be (18/4)/(1/2). What is the greatest common divisor of u and s?
3
Let x(k) = -2*k - 1. Let b be x(-1). Let v be ((-15)/10)/((-9)/48). Let o be (4 - 36/v)/(2/(-32)). Calculate the highest common factor of b and o.
1
Suppose -59*m - 3*g + 165 = -54*m, 0 = -4*m + 3*g + 132. Calculate the greatest common divisor of m and 352.
11
Suppose 3*t = 4*t - 16. Suppose -w + 3*w = -4, 2*m + w = 6. Calculate the greatest common divisor of m and t.
4
Let w = -6 - -11. What is the greatest common factor of 25 and w?
5
Suppose 7*i - 39 = 3. Let k be (-1 - (-6 - 1))/(2/3). What is the highest common factor of k and i?
3
Let i be -1*(-6 + 2) - -27. Calculate the highest common factor of i and 837.
31
Let m(v) = -52*v - 346. Let o be m(-7). What is the greatest common factor of o and 864?
18
Let p(x) = -12*x + 50. Let r = -75 + 60. Let q be p(r). What is the greatest common divisor of 46 and q?
46
Let b = -78 - -101. Let z = b + -7. What is the greatest common divisor of 12 and z?
4
Suppose 3*n - 2*l - 2*l = 150, -2*n = -l - 105. Calculate the highest common divisor of 27 and n.
27
Let w be ((-90)/7)/(-2) + 12/(-28). Calculate the highest common divisor of w and 138.
6
Suppose 5*j + 122 = -2*u + 6*u, -5*j = -5*u + 125. Let t be j/11 - (-42)/2. Calculate the highest common divisor of 19 and t.
19
Let p = 6 + -1. Suppose -3 = -3*w - 3*o + 15, 25 = -p*o. Let v be (-308)/8*(9 - 11). Calculate the highest common factor of v and w.
11
Let y be (-9)/(-1)*(15 + 1). Let q(o) = -o**2 - 13*o. Let i be q(-9). What is the greatest common factor of i and y?
36
Suppose -170 = -5*q - 3*a, -a = -3*q - 0*q + 116. Suppose -2035 = -2*n - 3*n. What is the greatest common divisor of n and q?
37
Let y(w) = -w**3 + 3*w**2 + 6*w - 5. Let u be y(4). Suppose -9 = -r + 4*l, -2*r + 1 = u*l + 5. What is the greatest common divisor of r and 8?
1
Suppose 0 = -4*a + 6*a. Suppose -m + j = -4, 0 = -a*j - 4*j. Let h be -6*((-1 - 3) + -2). Calculate the greatest common factor of h and m.
4
Let d be (17 + -21)/(2/6 + -1). Calculate the greatest common divisor of d and 3.
3
Suppose 0 = 3*y - 3 - 36. What is the highest common factor of 143 and y?
13
Suppose -2 = 3*d - 53. Suppose 3*v - 4 = d. Calculate the highest common factor of 28 and v.
7
Suppose a = -2*c + 152, 0 = -4*a - 0*a - 5*c + 605. Calculate the greatest common factor of a and 30.
30
Let u be -8*(-3 - (-25)/20). Suppose -34 - 8 = -3*l. What is the greatest common factor of l and u?
14
Suppose 5*u = 44 + 51. Let s = -15 + u. Suppose 4*f + 15 = 2*c + 3, -s*c = -f - 31. Calculate the greatest common divisor of 2 and c.
2
Let w(f) = 2*f**3 - 9*f**2 - f - 1. Let h be w(5). Let m = -56 + 119. Let q = -44 + m. Calculate the greatest common factor of h and q.
19
Suppose 2*a + 2 = -4. Let s = -43 + 40. Let u be -1*s/a*-98. What is the greatest common divisor of u and 14?
14
Suppose -2*p + 5*p - 213 = z, -67 = -p - z. Calculate the greatest common factor of 315 and p.
35
Suppose 27*n = 32*n - 25. Let p(v) = -v**3 + 5*v**2 + 10*v - 10. Let w be p(n). Calculate the highest common divisor of 32 and w.
8
Let b = -23 - -38. Let w be (-1 - (-32 + 0)) + b + -13. What is the highest common factor of 3 and w?
3
Let l be 7 + 525/(-20) + 6/(-8). Let g = 42 + l. What is the highest common divisor of 11 and g?
11
Let m = 1 - -12. Let i = 20 - 13. Suppose -2*s + 2*p = i*p - 311, -s = 5*p - 168. What is the greatest common factor of m and s?
13
Suppose -q - 10 + 46 = 0. Let h = -30 + 31. Suppose -73 = -3*g - h. What is the highest common factor of q and g?
12
Let d(u) = -18*u - 40. Let k be d(-4). What is the highest common divisor of 4 and k?
4
Let w = 634 - 619. Suppose 0 = 4*v + 5*g - 120, -3*v + 67 = g - 3*g. What is the greatest common divisor of w and v?
5
Let o(m) = -3*m**3 - 40*m**2 - 49*m - 448. Let s be o(-13). Suppose 2*z = 62 + 58. What is the highest common divisor of s and z?
20
Let u = -128 - -8. Let j = 146 + u. Calculate the highest common divisor of 26 and j.
26
Let p(z) = -19*z + 6. Suppose 5*a - 2*y + 3 + 14 = 0, y = 2*a + 6. Let w be p(a). Suppose -w = -h + 4. Calculate the highest common factor of h and 42.
21
Let n be (-1 - 1) + -7 + 14. Let y be 5 + -2 - (n - (-3 + 9)). What is the highest common divisor of y and 8?
4
Let s = -36 - -127. What is the greatest common factor of 13 and s?
13
Let w(s) = 10*s + 115. Let q be w(-6). Calculate the greatest common divisor of 35 and q.
5
Suppose -5*x = -3*v - 3*x + 162, 4*v - 239 = -5*x. Calculate the highest common divisor of 112 and v.
56
Let y = -1075 - -1093. What is the greatest common factor of 24 and y?
6
Let i be (8/14*6)/(2/14). Suppose w = -2 + i. Calculate the greatest common divisor of w and 2.
2
Let o(n) = -n**3 - 5*n**2 + 15*n + 13. Let z be o(-7). Suppose -2*q + z = -18. What is the highest common divisor of 16 and q?
4
Let f = -46 - -47. Suppose -j - f = -5. Calculate the highest common divisor of j and 8.
4
Let h(c) = -16*c + 25. Let w be -5 - (12/(-4))/(-3). Let j be h(w). What is the greatest common divisor of j and 11?
11
Suppose 10 + 2 = x + 4*c, -x + 2*c = 0. Suppose y + 0*y - 8 = 3*a, -2*a = -x*y + 12. Suppose w = -y*w + 297. What is the highest common divisor of w and 9?
9
Suppose m + m = 8. Let i be 38/m + (-2)/4. Let w(t) = t**3 - 34*t**2 - 73*t + 54. Let p be w(36). Calculate the highest common factor of p and i.
9
Let s(x) = -2*x - 8. Let z be s(-9). Suppose -7*b + z = -2*b. What is the highest common factor of b and 22?
2
Let b be (-352)/(-48) - 4/(-6). Suppose 0 = -2*g + 30 + b. Calculate the greatest common factor of g and 57.
19
Let a be (-2*(-1)/4)/(4/16). Suppose -10 = -a*v + v. Calculate the highest common divisor of v and 4.
2
Let v be 288/(-40)*(2 + 3). Let w = 60 + v. Calculate the highest common divisor of 48 and w